{"id":23,"date":"2016-02-27T22:12:30","date_gmt":"2016-02-27T20:12:30","guid":{"rendered":"http:\/\/ulukislaotokurtarma.net\/?page_id=23"},"modified":"2017-01-25T16:09:58","modified_gmt":"2017-01-25T14:09:58","slug":"iletisim","status":"publish","type":"page","link":"https:\/\/ulukislaotokurtarma.net\/index.php\/iletisim\/","title":{"rendered":"\u0130leti\u015fim"},"content":{"rendered":"<p>Sabit Telefon: <strong>0322 5812166<\/strong><\/p>\n<p>Cep Telefonu: <strong>0532 6082122<\/strong><\/p>\n<p>Cep Telefonu: <strong>0505 5414128<\/strong><\/p>\n<p>D750 Karayolu \u00fczeri Uluk\u0131\u015fla \/ Ni\u011fde<\/p>\n<p>Uluk\u0131\u015fla oto kurtarma \u00e7ekici kurtar\u0131c\u0131 yol yard\u0131m<\/p>\n","protected":false},"excerpt":{"rendered":"<p>Sabit Telefon: 0322 5812166 Cep Telefonu: 0532 6082122 Cep Telefonu: 0505 5414128 D750 Karayolu \u00fczeri Uluk\u0131\u015fla \/ Ni\u011fde Uluk\u0131\u015fla oto kurtarma \u00e7ekici kurtar\u0131c\u0131 yol yard\u0131m<\/p>\n","protected":false},"author":1,"featured_media":0,"parent":0,"menu_order":0,"comment_status":"closed","ping_status":"closed","template":"","meta":[],"_links":{"self":[{"href":"https:\/\/ulukislaotokurtarma.net\/index.php\/wp-json\/wp\/v2\/pages\/23"}],"collection":[{"href":"https:\/\/ulukislaotokurtarma.net\/index.php\/wp-json\/wp\/v2\/pages"}],"about":[{"href":"https:\/\/ulukislaotokurtarma.net\/index.php\/wp-json\/wp\/v2\/types\/page"}],"author":[{"embeddable":true,"href":"https:\/\/ulukislaotokurtarma.net\/index.php\/wp-json\/wp\/v2\/users\/1"}],"replies":[{"embeddable":true,"href":"https:\/\/ulukislaotokurtarma.net\/index.php\/wp-json\/wp\/v2\/comments?post=23"}],"version-history":[{"count":7,"href":"https:\/\/ulukislaotokurtarma.net\/index.php\/wp-json\/wp\/v2\/pages\/23\/revisions"}],"predecessor-version":[{"id":115,"href":"https:\/\/ulukislaotokurtarma.net\/index.php\/wp-json\/wp\/v2\/pages\/23\/revisions\/115"}],"wp:attachment":[{"href":"https:\/\/ulukislaotokurtarma.net\/index.php\/wp-json\/wp\/v2\/media?parent=23"}],"curies":[{"name":"wp","href":"https:\/\/api.w.org\/{rel}","templated":true}]}}